 (-52)/y. What is the remainder when v(k) is divided by 6?
1
Suppose -4*a + 1 + 95 = 0. Let o(l) = -22*l - a - 4*l**2 + 5*l**2 + 5*l**2 - 7*l**2. What is the remainder when o(-16) is divided by 25?
22
Let z(i) = i**2 - 28*i + 58. What is the remainder when 47 is divided by z(27)?
16
Let k(f) = -f**2 + 15*f - 5. Let o be 2*(-4)/(-16)*10. What is the remainder when k(o) is divided by 16?
13
Suppose -2*k + 129 = k. What is the remainder when k is divided by (55*4/60)/((-2)/(-6))?
10
Suppose 0 = a - t - 132, -29*a + 27*a = 5*t - 243. Calculate the remainder when a is divided by 28.
17
Let b = 26 + 24. Calculate the remainder when b is divided by 18.
14
Let z = -2398 - -2424. What is the remainder when 960 is divided by z?
24
What is the remainder when 765 is divided by (-70)/(-6) + (-2)/(-12)*2?
9
Let g = -10 + 72. Let i = -52 + g. Calculate the remainder when 99 is divided by i.
9
Let o(a) = -4*a + 1. Let m be o(-1). Let k = 59 + m. What is the remainder when k is divided by 22?
20
Let n = -192 + 203. Calculate the remainder when n is divided by 9.
2
Let h(g) = 4*g + 6. Let r = 12 + -1. Calculate the remainder when r is divided by h(0).
5
Suppose 583*b - 908 = 579*b. Calculate the remainder when b is divided by 11.
7
Suppose 5*r = 2*y - 45, -2*r - 125 = -3*y - 52. What is the remainder when 2297 is divided by y?
22
Suppose -5*n - 3 = 2, -2*j + 5*n = -77. Calculate the remainder when 125 is divided by j.
17
Suppose 0 = -s + 32 + 87. Suppose 97 + s = 6*q. Calculate the remainder when q is divided by 10.
6
Suppose -i - 63 - 64 = -3*j, 2*i = -4*j + 176. What is the remainder when 55 is divided by j?
12
Calculate the remainder when 287 is divided by (-6944)/(-144) - (-4)/(-18).
47
Calculate the remainder when 167 is divided by (4662/185)/(4/10).
41
Let z(l) = -l**2 - 36*l - 198. What is the remainder when 495 is divided by z(-26)?
61
Let p(o) = 3*o**2 - o - 3. Suppose 0 = -3*d - 5*w + 54, -4*d + 46 = -5*w + 3*w. Let r = d - -25. What is the remainder when r is divided by p(3)?
17
Let t(k) = -k**2 + 5*k. Let d be t(5). Let z be (1 + -4)/(-3) - d. What is the remainder when 105 is divided by (-36)/9 - z*-31?
24
Calculate the remainder when (((-1)/8)/((-2)/4))/(30/9480) is divided by 636/28 - (-2)/7.
10
Let s(m) = m**2 + 16*m + 40. Calculate the remainder when 15 is divided by s(-3).
0
Let j(p) = -4*p + 7. Let m be j(-11). Let y = -20 + m. What is the remainder when 18*(4 + -1 - -2) is divided by y?
28
Let l(s) = -9*s**3 + s + 1. Suppose 0 = 2*b - 7*b - 10. What is the remainder when l(b) is divided by 18?
17
Suppose 4*v - 5*m - 304 = 0, 99*m = 100*m - 4. What is the remainder when v is divided by 37?
7
Suppose 16*u - 14*u - 2*b - 94 = 0, -4*u = 4*b - 156. Calculate the remainder when 87 is divided by u.
1
Let c = -692 - -971. What is the remainder when c is divided by 14?
13
Suppose 0*i - 2*i = -122. Suppose -4*h = -5*j + i - 198, 2*j = -2*h + 64. What is the remainder when 129 is divided by h?
30
Let x = 418 + -391. What is the remainder when 102 is divided by x?
21
Suppose 3*o = -4*f + 226, -6*f + 9*f - 167 = -o. Calculate the remainder when 204 is divided by f.
39
Suppose -3*j = -39*j + 432. Calculate the remainder when 47 is divided by j.
11
Suppose 2*w = -c, -79 = -4*c + 5*w - 14. Let k(s) = 4*s**2 - s. Let v be k(-1). Suppose -v = 5*q - 200. What is the remainder when q is divided by c?
9
What is the remainder when (1 + -2)*(-6467)/(-87)*-9 is divided by 42?
39
Let t(n) = n - 3. Let o be t(-6). Let g be -4 - 0/3 - (0 + -1). Calculate the remainder when 47 is divided by (g - o)*(1 + 3).
23
What is the remainder when -13*(1 + -4)*(0 - -1) is divided by 2?
1
Suppose -2*k - 32 = -3*k. Suppose i - 3*i + 30 = -2*w, -i - 3*w - 1 = 0. Calculate the remainder when k is divided by (0 - -2)*i/2.
10
Let n be 5/(-1) - 131 - -4. Let k = -76 - n. Calculate the remainder when k is divided by 20.
16
Let k be (-12)/(-30) + (-706)/(-10). Suppose -4*p + k + 109 = 0. What is the remainder when 175 is divided by p?
40
Let r(k) = k**2 + 6*k - 21. Let v(j) = j**2 + 10*j. Let b be v(-10). Calculate the remainder when (50 - -2) + 2 + b is divided by r(-10).
16
Calculate the remainder when (-112)/(-140) + (-246)/(-5) is divided by 21.
8
Let s(d) = -3*d**2 - d - 1. Let n be s(-1). Suppose -5*r - z = -0 + 8, -9 = 3*z. What is the remainder when 91 is divided by (r/n)/(13/897)?
22
Let t = -590 + 900. Calculate the remainder when t is divided by 39.
37
Let n(k) be the third derivative of -k**6/120 + 7*k**5/60 + 5*k**4/12 + k**3/3 + 12*k**2. What is the remainder when n(7) is divided by 19?
15
Let w(a) = 20*a + 7. Let s(g) = 4*g**2 - 9*g + 18. Let u = -46 + 49. Calculate the remainder when w(5) is divided by s(u).
26
Let m(y) = 18*y + 18. Calculate the remainder when 64 is divided by m(1).
28
Calculate the remainder when (-1206)/(-15)*(-55)/(-22)*7 is divided by 94.
91
Let o(z) = -1. Let s(q) = -q + 9. Let p(t) = 24*o(t) + 3*s(t). Calculate the remainder when 17 is divided by p(-2).
8
Let x = 53 + -38. Let w = x - -36. Suppose w = 5*r - 2*r. What is the remainder when 67 is divided by r?
16
Suppose 2*m - 4*m + 10 = 0. Suppose -m*l + 60 + 20 = 0. Let p = 23 - l. What is the remainder when p is divided by 2?
1
What is the remainder when ((-1876)/84)/(1/(-3)) is divided by 17?
16
Let m(r) = 50*r - 885. What is the remainder when m(20) is divided by 13?
11
Let v = 22 + 94. Calculate the remainder when v is divided by 41.
34
Let p(b) = -22*b - 13. Let n be p(-7). Suppose -n = -7*m + 41. Calculate the remainder when 181 is divided by m.
25
Let c = 7 - 4. Suppose 0*h - 4*h = -c*f + 2, f - h = 1. Suppose 0*k + 4*u = f*k - 8, u + 47 = 5*k. Calculate the remainder when 28 is divided by k.
8
Let v = -144 - -211. Suppose -3*c - 2*c = -10. Suppose 0 = w - c*i - 0*i - 15, 36 = 2*w + 2*i. What is the remainder when v is divided by w?
16
Let q(f) = f**3 + 19*f**2 + 57*f + 1. What is the remainder when 450 is divided by q(-15)?
36
Let i(s) = -s**2 - 6*s + 2. Let r be i(-6). Suppose 4*x - 5*w - 89 = 0, -r*x + 6*x + 3*w = 81. Calculate the remainder when (-8)/6*(-29 + -1) is divided by x.
19
Let m be 10/(-10) + (-2)/(-2) - -12. Let d = 25 - m. What is the remainder when 36 is divided by d?
10
Let j(v) = 2*v - 22. Calculate the remainder when 29 is divided by j(24).
3
Suppose -3*q - 2*k + 21 = -40, -3*q + 67 = -4*k. Calculate the remainder when 126 is divided by q.
0
Let f(t) = 2*t**3 - 2*t**2 - 14*t + 16. Let k be f(5). Let l = 246 - k. What is the remainder when l is divided by 17?
15
Let h = -5 - -314. Calculate the remainder when h is divided by 52.
49
Suppose 4*f - v = -14 + 148, 5*v - 23 = -f. Calculate the remainder when 163 is divided by f.
31
Let h = -109 - -71. Let q = h - -48. What is the remainder when 15 is divided by q?
5
Let t = -46 - -45. Let q = 3 + t. Let n(g) = -g**2 + 5*g + 3. Calculate the remainder when n(4) is divided by q.
1
Let l = 108 - 62. What is the remainder when l is divided by (3/2)/((-12)/(-64))?
6
Let u(m) = -m**3 + 4*m**2 + 4*m - 2. Let f be ((-16)/(-10))/(24/60). Calculate the remainder when 54 is divided by u(f).
12
Let m(z) = 5*z**3 - 3*z + 3. Let x be m(2). Let j(c) = 3 - 3*c - 4 + x*c + 0. What is the remainder when 98 is divided by j(1)?
32
Let t(i) = -2*i - 7. Let s be (-13 - 6) + 3/1. What is the remainder when 49 is divided by t(s)?
24
What is the remainder when (-7 - 234/(-27)) + (-1574)/(-6) is divided by 89?
86
Suppose 2*b + 14*b - 240 = 0. What is the remainder when 208 is divided by b?
13
Let j be -1*7/((-28)/(-20)) + 4. Let d(g) = 11*g**2 - g**2 - g + 2*g. Calculate the remainder when 33 is divided by d(j).
6
Calculate the remainder when -30*5/((-125)/140) is divided by 22.
14
Let j be (-84)/4*(-24)/9. Let y = j - 43. What is the remainder when 38 is divided by y?
12
Let q(m) = -2*m**3 + 5*m**2 + 5*m - 6. Let p be q(4). Let d = 19 + p. Let w = d + 29. Calculate the remainder when 54 is divided by w.
12
Calculate the remainder when 7/14*(10 - -588) is divided by 48.
11
Let f be 2/3 - 130/(-3). Suppose -l = -5*l + f. Calculate the remainder when (84/(-2))/(((-2)/2)/1) is divided by l.
9
Let y = 8 + -4. Suppose 0 = y*u - u - 147. What is the remainder when u is divided by 1*-2*(-17)/2?
15
Suppose 5*h + 487 = j - 246, 0 = h + 2*j + 151. Let p = h +